{"id":104,"date":"2025-08-26T20:28:40","date_gmt":"2025-08-26T23:28:40","guid":{"rendered":"https:\/\/iteranet.com.br\/acta\/about\/"},"modified":"2025-08-27T12:23:15","modified_gmt":"2025-08-27T15:23:15","slug":"quem-somos","status":"publish","type":"page","link":"https:\/\/iteranet.com.br\/acta\/quem-somos\/","title":{"rendered":"Quem Somos"},"content":{"rendered":"\t\t<div data-elementor-type=\"wp-page\" data-elementor-id=\"104\" class=\"elementor elementor-104\">\n\t\t\t\t<div class=\"elementor-element elementor-element-85a0a57 e-flex e-con-boxed e-con e-parent\" data-id=\"85a0a57\" data-element_type=\"container\">\n\t\t\t\t\t<div class=\"e-con-inner\">\n\t\t<div class=\"elementor-element elementor-element-97c9d74 e-con-full e-flex e-con e-child\" data-id=\"97c9d74\" data-element_type=\"container\">\n\t\t\t\t<div class=\"elementor-element elementor-element-ed9795f elementor-widget__width-auto elementor-widget elementor-widget-heading\" data-id=\"ed9795f\" data-element_type=\"widget\" data-widget_type=\"heading.default\">\n\t\t\t\t<div class=\"elementor-widget-container\">\n\t\t\t\t\t<h1 class=\"elementor-heading-title elementor-size-default\">Quem Somos<\/h1>\t\t\t\t<\/div>\n\t\t\t\t<\/div>\n\t\t\t\t<div class=\"elementor-element elementor-element-ae821fa elementor-absolute elementor-widget elementor-widget-image\" data-id=\"ae821fa\" data-element_type=\"widget\" data-settings=\"{&quot;_position&quot;:&quot;absolute&quot;}\" data-widget_type=\"image.default\">\n\t\t\t\t<div class=\"elementor-widget-container\">\n\t\t\t\t\t\t\t\t\t\t\t\t\t\t\t<img fetchpriority=\"high\" decoding=\"async\" width=\"400\" height=\"192\" src=\"https:\/\/iteranet.com.br\/acta\/wp-content\/uploads\/2020\/10\/pattern.png\" class=\"attachment-large size-large wp-image-77\" alt=\"\" \/>\t\t\t\t\t\t\t\t\t\t\t\t\t\t\t<\/div>\n\t\t\t\t<\/div>\n\t\t\t\t<div class=\"elementor-element elementor-element-cad5db1 elementor-widget elementor-widget-text-editor\" data-id=\"cad5db1\" data-element_type=\"widget\" data-widget_type=\"text-editor.default\">\n\t\t\t\t<div class=\"elementor-widget-container\">\n\t\t\t\t\t\t\t\t\t<p>A hist\u00f3ria da Imigra\u00e7\u00e3o Japonesa na Amaz\u00f4nia se inicia em 1929, a partir da doa\u00e7\u00e3o de 500.00ha de terras do Governo da Prov\u00edncia do Gr\u00e3o-Par\u00e1 (atual estado do Par\u00e1), para o Governo japon\u00eas, com o desafio de ocupar a vasta regi\u00e3o amaz\u00f4nica, apesar da descri\u00e7\u00e3o realista de Alberto Rangel, no livro \u201cInferno Verde\u201d, publicado em 1908. Ap\u00f3s estudos por peritos japoneses a partir de 1926, a Companhia Nip\u00f4nica de Imigra\u00e7\u00e3o, organizou e estruturou a col\u00f4nia \u00e0s margens dos rios Acar\u00e1-Mirim e Tom\u00e9-A\u00e7u, cujo nome, tornou-se Munic\u00edpio em 1959, ap\u00f3s emancipa\u00e7\u00e3o do munic\u00edpio do Acar\u00e1. A necessidade de se organizar a partir dali era eminente, em meio \u00e1s dificuldades enfrentadas em um ambiente de densas florestas e climas diferentes da terra natal, sendo este, o in\u00edcio de um exemplo de hist\u00f3ria e trajet\u00f3ria de uma comunidade que passou por in\u00fameras dificuldades, desde as doen\u00e7as tropicais e inani\u00e7\u00e3o, mas que conseguiu super\u00e1-las, desenvolvendo modelos de desenvolvimento sustent\u00e1vel, mantendo-se coesos, organizados e que tamb\u00e9m preceituou a salvaguarda de seus costumes, h\u00e1bitos e tradi\u00e7\u00f5es, surgindo ent\u00e3o em 1963, a Associa\u00e7\u00e3o Cultural e Fomento Agr\u00edcola de Tom\u00e9-A\u00e7u, a partir do departamento sociocultural e esportivo da CAMTA-Cooperativa Agr\u00edcola Mista de Tom\u00e9-A\u00e7u.<\/p>\t\t\t\t\t\t\t\t<\/div>\n\t\t\t\t<\/div>\n\t\t\t\t<\/div>\n\t\t\t\t\t<\/div>\n\t\t\t\t<\/div>\n\t\t<div class=\"elementor-element elementor-element-5358474 e-flex e-con-boxed e-con e-parent\" data-id=\"5358474\" data-element_type=\"container\" data-settings=\"{&quot;background_background&quot;:&quot;classic&quot;}\">\n\t\t\t\t\t<div class=\"e-con-inner\">\n\t\t<div class=\"elementor-element elementor-element-c1b36fd e-con-full e-flex e-con e-child\" data-id=\"c1b36fd\" data-element_type=\"container\" data-settings=\"{&quot;background_background&quot;:&quot;classic&quot;}\">\n\t\t\t\t<div class=\"elementor-element elementor-element-c04ee8a elementor-widget__width-initial elementor-widget elementor-widget-heading\" data-id=\"c04ee8a\" data-element_type=\"widget\" data-widget_type=\"heading.default\">\n\t\t\t\t<div class=\"elementor-widget-container\">\n\t\t\t\t\t<h2 class=\"elementor-heading-title elementor-size-default\">Ra\u00edzes que fortalecem o campo<\/h2>\t\t\t\t<\/div>\n\t\t\t\t<\/div>\n\t\t\t\t<div class=\"elementor-element elementor-element-b91e5d3 elementor-widget elementor-widget-text-editor\" data-id=\"b91e5d3\" data-element_type=\"widget\" data-widget_type=\"text-editor.default\">\n\t\t\t\t<div class=\"elementor-widget-container\">\n\t\t\t\t\t\t\t\t\t<p>Na atual panor\u00e2mica agr\u00edcola da regi\u00e3o, a ACTA e suas parcerias, tem papel estrat\u00e9gico, pois as a\u00e7\u00f5es de fomento fortalecem a atividade rural em todas as vertentes, enaltecendo sempre o conv\u00edvio harm\u00f4nico entre produtor rural, fam\u00edlia e natureza, e sempre ensinando que as ra\u00edzes ser\u00e3o preservadas, seja qual for o contexto, o que promove ao homem do campo, valores significantes para com sua identidade.<\/p>\t\t\t\t\t\t\t\t<\/div>\n\t\t\t\t<\/div>\n\t\t\t\t<\/div>\n\t\t<div class=\"elementor-element elementor-element-1009169 e-con-full e-flex e-con e-child\" data-id=\"1009169\" data-element_type=\"container\">\n\t\t\t\t<div class=\"elementor-element elementor-element-f617b4b elementor-widget__width-auto elementor-absolute elementor-widget elementor-widget-image\" data-id=\"f617b4b\" data-element_type=\"widget\" data-settings=\"{&quot;_position&quot;:&quot;absolute&quot;}\" data-widget_type=\"image.default\">\n\t\t\t\t<div class=\"elementor-widget-container\">\n\t\t\t\t\t\t\t\t\t\t\t\t\t\t\t<img decoding=\"async\" width=\"200\" height=\"489\" src=\"https:\/\/iteranet.com.br\/acta\/wp-content\/uploads\/2020\/10\/pattern-v-1.png\" class=\"attachment-large size-large wp-image-145\" alt=\"\" srcset=\"https:\/\/iteranet.com.br\/acta\/wp-content\/uploads\/2020\/10\/pattern-v-1.png 200w, https:\/\/iteranet.com.br\/acta\/wp-content\/uploads\/2020\/10\/pattern-v-1-123x300.png 123w\" sizes=\"(max-width: 200px) 100vw, 200px\" \/>\t\t\t\t\t\t\t\t\t\t\t\t\t\t\t<\/div>\n\t\t\t\t<\/div>\n\t\t\t\t<\/div>\n\t\t\t\t\t<\/div>\n\t\t\t\t<\/div>\n\t\t<div class=\"elementor-element elementor-element-71d654e e-flex e-con-boxed e-con e-parent\" data-id=\"71d654e\" data-element_type=\"container\">\n\t\t\t\t\t<div class=\"e-con-inner\">\n\t\t<div class=\"elementor-element elementor-element-f9efdd7 e-con-full e-flex e-con e-child\" data-id=\"f9efdd7\" data-element_type=\"container\">\n\t\t\t\t<div class=\"elementor-element elementor-element-2cbf554 elementor-widget elementor-widget-heading\" data-id=\"2cbf554\" data-element_type=\"widget\" data-widget_type=\"heading.default\">\n\t\t\t\t<div class=\"elementor-widget-container\">\n\t\t\t\t\t<div class=\"elementor-heading-title elementor-size-default\">Ra\u00edzes japonesas, frutos para a comunidade<\/div>\t\t\t\t<\/div>\n\t\t\t\t<\/div>\n\t\t\t\t<div class=\"elementor-element elementor-element-46a6672 elementor-widget elementor-widget-heading\" data-id=\"46a6672\" data-element_type=\"widget\" data-widget_type=\"heading.default\">\n\t\t\t\t<div class=\"elementor-widget-container\">\n\t\t\t\t\t<h2 class=\"elementor-heading-title elementor-size-default\">Heran\u00e7a Viva<\/h2>\t\t\t\t<\/div>\n\t\t\t\t<\/div>\n\t\t\t\t<div class=\"elementor-element elementor-element-7a2fca2 elementor-widget elementor-widget-text-editor\" data-id=\"7a2fca2\" data-element_type=\"widget\" data-widget_type=\"text-editor.default\">\n\t\t\t\t<div class=\"elementor-widget-container\">\n\t\t\t\t\t\t\t\t\t<p>Outrora intitulada como ACTA, devido a fus\u00e3o institucional com a ASFATA-Associa\u00e7\u00e3o de Fomento Agr\u00edcola de Tom\u00e9-A\u00e7u (Fundada em 1981, com intuito de verticalizar esfor\u00e7os que viabilizassem a prosperidade da Col\u00f4nia Agr\u00edcola), a institui\u00e7\u00e3o passa a acumular papeis de fundamental import\u00e2ncia no cen\u00e1rio da comunidade rural da regi\u00e3o.<\/p>\t\t\t\t\t\t\t\t<\/div>\n\t\t\t\t<\/div>\n\t\t\t\t<div class=\"elementor-element elementor-element-d51cad9 elementor-widget elementor-widget-text-editor\" data-id=\"d51cad9\" data-element_type=\"widget\" data-widget_type=\"text-editor.default\">\n\t\t\t\t<div class=\"elementor-widget-container\">\n\t\t\t\t\t\t\t\t\t<p>Agregando relevantes esfor\u00e7os, a ACTA teve sua funda\u00e7\u00e3o na necessidade de estabelecer um canal de comunica\u00e7\u00e3o cultural entre pa\u00eds de origem e imigrantes, apresentando no in\u00edcio filmes japoneses que tinham o gosto dos colonizadores (o que apontava para a necessidade de se manter as a\u00e7\u00f5es culturais). Essas a\u00e7\u00f5es hoje est\u00e3o muito aqu\u00e9m; j\u00e1 que hoje a ACTA promulga as seguintes investidas: na \u00e1rea de <strong>educa\u00e7\u00e3o <\/strong>(Escola NIKKEI, escola com ensino Fundamental e M\u00e9dio, e a Escola de L\u00edngua e Cultura Japonesa), <strong>esporte<\/strong> (Baseball, Gateball, Sum\u00f4), <strong>a\u00e7\u00f5es sociais e fomento agr\u00edcola<\/strong> (evento de interc\u00e2mbios tecnol\u00f3gicos entre produtores e institui\u00e7\u00f5es, assist\u00eancia t\u00e9cnica e pesquisas atrav\u00e9s de parcerias) e<strong> tradi\u00e7\u00e3o cultural <\/strong>(promovendo eventos que mant\u00e9m acesos os costumes como o \u201cBON-ODORI\u201d- dan\u00e7a folcl\u00f3rica japonesa, o UNDOKAI \u2013 gincana esportiva, dia dos anci\u00f5es, al\u00e9m dos dias comemorativos, entre eles o anivers\u00e1rio da coloniza\u00e7\u00e3o e ainda guarda o Museu Hist\u00f3rico, a casa e o bosque dos imigrantes japoneses em Tom\u00e9-A\u00e7u.<\/p>\t\t\t\t\t\t\t\t<\/div>\n\t\t\t\t<\/div>\n\t\t\t\t<\/div>\n\t\t<div class=\"elementor-element elementor-element-298e725 e-con-full e-flex e-con e-child\" data-id=\"298e725\" data-element_type=\"container\">\n\t\t\t\t<div class=\"elementor-element elementor-element-3cbd75e elementor-widget elementor-widget-image\" data-id=\"3cbd75e\" data-element_type=\"widget\" data-widget_type=\"image.default\">\n\t\t\t\t<div class=\"elementor-widget-container\">\n\t\t\t\t\t\t\t\t\t\t\t\t\t\t\t<img decoding=\"async\" width=\"1800\" height=\"2000\" src=\"https:\/\/iteranet.com.br\/acta\/wp-content\/uploads\/2025\/08\/upscalemedia-transformed.jpeg\" class=\"attachment-full size-full wp-image-25684\" alt=\"\" srcset=\"https:\/\/iteranet.com.br\/acta\/wp-content\/uploads\/2025\/08\/upscalemedia-transformed.jpeg 1800w, https:\/\/iteranet.com.br\/acta\/wp-content\/uploads\/2025\/08\/upscalemedia-transformed-270x300.jpeg 270w, https:\/\/iteranet.com.br\/acta\/wp-content\/uploads\/2025\/08\/upscalemedia-transformed-922x1024.jpeg 922w, https:\/\/iteranet.com.br\/acta\/wp-content\/uploads\/2025\/08\/upscalemedia-transformed-768x853.jpeg 768w, https:\/\/iteranet.com.br\/acta\/wp-content\/uploads\/2025\/08\/upscalemedia-transformed-1382x1536.jpeg 1382w\" sizes=\"(max-width: 1800px) 100vw, 1800px\" \/>\t\t\t\t\t\t\t\t\t\t\t\t\t\t\t<\/div>\n\t\t\t\t<\/div>\n\t\t\t\t<\/div>\n\t\t\t\t\t<\/div>\n\t\t\t\t<\/div>\n\t\t\t\t<\/div>\n\t\t","protected":false},"excerpt":{"rendered":"<p>Quem Somos A hist\u00f3ria da Imigra\u00e7\u00e3o Japonesa na Amaz\u00f4nia se inicia em 1929, a partir da doa\u00e7\u00e3o de 500.00ha de terras do Governo da Prov\u00edncia do Gr\u00e3o-Par\u00e1 (atual estado do [&hellip;]<\/p>\n","protected":false},"author":1,"featured_media":0,"parent":0,"menu_order":0,"comment_status":"closed","ping_status":"closed","template":"","meta":{"site-sidebar-layout":"no-sidebar","site-content-layout":"page-builder","ast-site-content-layout":"default","site-content-style":"default","site-sidebar-style":"default","ast-global-header-display":"","ast-banner-title-visibility":"","ast-main-header-display":"","ast-hfb-above-header-display":"","ast-hfb-below-header-display":"","ast-hfb-mobile-header-display":"","site-post-title":"disabled","ast-breadcrumbs-content":"","ast-featured-img":"disabled","footer-sml-layout":"","theme-transparent-header-meta":"default","adv-header-id-meta":"","stick-header-meta":"","header-above-stick-meta":"","header-main-stick-meta":"","header-below-stick-meta":"","astra-migrate-meta-layouts":"default","ast-page-background-enabled":"default","ast-page-background-meta":{"desktop":{"background-color":"","background-image":"","background-repeat":"repeat","background-position":"center center","background-size":"auto","background-attachment":"scroll","background-type":"","background-media":"","overlay-type":"","overlay-color":"","overlay-opacity":"","overlay-gradient":""},"tablet":{"background-color":"","background-image":"","background-repeat":"repeat","background-position":"center center","background-size":"auto","background-attachment":"scroll","background-type":"","background-media":"","overlay-type":"","overlay-color":"","overlay-opacity":"","overlay-gradient":""},"mobile":{"background-color":"","background-image":"","background-repeat":"repeat","background-position":"center center","background-size":"auto","background-attachment":"scroll","background-type":"","background-media":"","overlay-type":"","overlay-color":"","overlay-opacity":"","overlay-gradient":""}},"ast-content-background-meta":{"desktop":{"background-color":"var(--ast-global-color-5)","background-image":"","background-repeat":"repeat","background-position":"center center","background-size":"auto","background-attachment":"scroll","background-type":"","background-media":"","overlay-type":"","overlay-color":"","overlay-opacity":"","overlay-gradient":""},"tablet":{"background-color":"var(--ast-global-color-5)","background-image":"","background-repeat":"repeat","background-position":"center center","background-size":"auto","background-attachment":"scroll","background-type":"","background-media":"","overlay-type":"","overlay-color":"","overlay-opacity":"","overlay-gradient":""},"mobile":{"background-color":"var(--ast-global-color-5)","background-image":"","background-repeat":"repeat","background-position":"center center","background-size":"auto","background-attachment":"scroll","background-type":"","background-media":"","overlay-type":"","overlay-color":"","overlay-opacity":"","overlay-gradient":""}},"footnotes":""},"class_list":["post-104","page","type-page","status-publish","hentry"],"_links":{"self":[{"href":"https:\/\/iteranet.com.br\/acta\/wp-json\/wp\/v2\/pages\/104","targetHints":{"allow":["GET"]}}],"collection":[{"href":"https:\/\/iteranet.com.br\/acta\/wp-json\/wp\/v2\/pages"}],"about":[{"href":"https:\/\/iteranet.com.br\/acta\/wp-json\/wp\/v2\/types\/page"}],"author":[{"embeddable":true,"href":"https:\/\/iteranet.com.br\/acta\/wp-json\/wp\/v2\/users\/1"}],"replies":[{"embeddable":true,"href":"https:\/\/iteranet.com.br\/acta\/wp-json\/wp\/v2\/comments?post=104"}],"version-history":[{"count":16,"href":"https:\/\/iteranet.com.br\/acta\/wp-json\/wp\/v2\/pages\/104\/revisions"}],"predecessor-version":[{"id":25740,"href":"https:\/\/iteranet.com.br\/acta\/wp-json\/wp\/v2\/pages\/104\/revisions\/25740"}],"wp:attachment":[{"href":"https:\/\/iteranet.com.br\/acta\/wp-json\/wp\/v2\/media?parent=104"}],"curies":[{"name":"wp","href":"https:\/\/api.w.org\/{rel}","templated":true}]}}